{"id":446,"date":"2014-04-29T06:49:08","date_gmt":"2014-04-29T05:49:08","guid":{"rendered":"http:\/\/www.fondationhardt.ch\/?page_id=446"},"modified":"2022-10-06T14:09:53","modified_gmt":"2022-10-06T12:09:53","slug":"le-domaine_en","status":"publish","type":"page","link":"https:\/\/www.fondationhardt.ch\/en\/la-fondation_en\/le-domaine_en\/","title":{"rendered":"The estate"},"content":{"rendered":"<p>The Hardt Foundation is located on a wooded estate that includes several buildings: the main house, where guests are accommodated, the library, the orangery and the greenhouse. The buildings date to the 19th century, and were recently renovated and modernised.<\/p>\n<p>The estate includes a large natural lawn adorned with a pool, a wooded section with a trail for walking or running and a closed garden with fruit trees.<\/p>\n<p>The estate of the Hardt Foundation is listed on the Genevan registry of buildings worthy of protection.<\/p>\n","protected":false},"excerpt":{"rendered":"<p>The Hardt Foundation is located on a wooded estate that includes several buildings: the main house, where guests are accommodated, the library, the orangery and the greenhouse. The buildings date to the 19th century, and were recently renovated and modernised. The estate includes a large natural lawn adorned with a pool, a wooded section with [&hellip;]<\/p>\n","protected":false},"author":1,"featured_media":1145,"parent":439,"menu_order":0,"comment_status":"open","ping_status":"closed","template":"","meta":{"footnotes":""},"class_list":["post-446","page","type-page","status-publish","has-post-thumbnail","hentry"],"acf":[],"yoast_head":"<!-- This site is optimized with the Yoast SEO plugin v19.10 - https:\/\/yoast.com\/wordpress\/plugins\/seo\/ -->\n<title>Fondation Hardt , The estate<\/title>\n<meta name=\"description\" content=\"The Foundation is headquartered in Vandoeuvres, on a wooded estate that includes several buildings from the 19th century. They were recently renovated and modernised.\" \/>\n<meta name=\"robots\" content=\"index, follow, max-snippet:-1, max-image-preview:large, max-video-preview:-1\" \/>\n<link rel=\"canonical\" href=\"https:\/\/www.fondationhardt.ch\/en\/la-fondation_en\/le-domaine_en\/\" \/>\n<meta property=\"og:locale\" content=\"en_US\" \/>\n<meta property=\"og:type\" content=\"article\" \/>\n<meta property=\"og:title\" content=\"Fondation Hardt , The estate\" \/>\n<meta property=\"og:description\" content=\"The Foundation is headquartered in Vandoeuvres, on a wooded estate that includes several buildings from the 19th century. They were recently renovated and modernised.\" \/>\n<meta property=\"og:url\" content=\"https:\/\/www.fondationhardt.ch\/en\/la-fondation_en\/le-domaine_en\/\" \/>\n<meta property=\"og:site_name\" content=\"Fondation Hardt\" \/>\n<meta property=\"article:modified_time\" content=\"2022-10-06T12:09:53+00:00\" \/>\n<meta property=\"og:image\" content=\"https:\/\/www.fondationhardt.ch\/wp-content\/uploads\/2014\/05\/orangerie.jpg\" \/>\n\t<meta property=\"og:image:width\" content=\"2000\" \/>\n\t<meta property=\"og:image:height\" content=\"1300\" \/>\n\t<meta property=\"og:image:type\" content=\"image\/jpeg\" \/>\n<meta name=\"twitter:card\" content=\"summary_large_image\" \/>\n<script type=\"application\/ld+json\" class=\"yoast-schema-graph\">{\"@context\":\"https:\/\/schema.org\",\"@graph\":[{\"@type\":\"WebPage\",\"@id\":\"https:\/\/www.fondationhardt.ch\/en\/la-fondation_en\/le-domaine_en\/\",\"url\":\"https:\/\/www.fondationhardt.ch\/en\/la-fondation_en\/le-domaine_en\/\",\"name\":\"Fondation Hardt , The estate\",\"isPartOf\":{\"@id\":\"https:\/\/www.fondationhardt.ch\/#website\"},\"datePublished\":\"2014-04-29T05:49:08+00:00\",\"dateModified\":\"2022-10-06T12:09:53+00:00\",\"description\":\"The Foundation is headquartered in Vandoeuvres, on a wooded estate that includes several buildings from the 19th century. They were recently renovated and modernised.\",\"breadcrumb\":{\"@id\":\"https:\/\/www.fondationhardt.ch\/en\/la-fondation_en\/le-domaine_en\/#breadcrumb\"},\"inLanguage\":\"en-US\",\"potentialAction\":[{\"@type\":\"ReadAction\",\"target\":[\"https:\/\/www.fondationhardt.ch\/en\/la-fondation_en\/le-domaine_en\/\"]}]},{\"@type\":\"BreadcrumbList\",\"@id\":\"https:\/\/www.fondationhardt.ch\/en\/la-fondation_en\/le-domaine_en\/#breadcrumb\",\"itemListElement\":[{\"@type\":\"ListItem\",\"position\":1,\"name\":\"Accueil\",\"item\":\"https:\/\/www.fondationhardt.ch\/\"},{\"@type\":\"ListItem\",\"position\":2,\"name\":\"The Foundation\",\"item\":\"https:\/\/www.fondationhardt.ch\/en\/la-fondation_en\/\"},{\"@type\":\"ListItem\",\"position\":3,\"name\":\"The estate\"}]},{\"@type\":\"WebSite\",\"@id\":\"https:\/\/www.fondationhardt.ch\/#website\",\"url\":\"https:\/\/www.fondationhardt.ch\/\",\"name\":\"Fondation Hardt\",\"description\":\"Fondation pour l&#039;\u00e9tude de l&#039;antiquit\u00e9 classique, promotion de l&#039;\u00e9tude de l&#039;Antiquit\u00e9 classique.\",\"potentialAction\":[{\"@type\":\"SearchAction\",\"target\":{\"@type\":\"EntryPoint\",\"urlTemplate\":\"https:\/\/www.fondationhardt.ch\/?s={search_term_string}\"},\"query-input\":\"required name=search_term_string\"}],\"inLanguage\":\"en-US\"}]}<\/script>\n<!-- \/ Yoast SEO plugin. -->","yoast_head_json":{"title":"Fondation Hardt , The estate","description":"The Foundation is headquartered in Vandoeuvres, on a wooded estate that includes several buildings from the 19th century. They were recently renovated and modernised.","robots":{"index":"index","follow":"follow","max-snippet":"max-snippet:-1","max-image-preview":"max-image-preview:large","max-video-preview":"max-video-preview:-1"},"canonical":"https:\/\/www.fondationhardt.ch\/en\/la-fondation_en\/le-domaine_en\/","og_locale":"en_US","og_type":"article","og_title":"Fondation Hardt , The estate","og_description":"The Foundation is headquartered in Vandoeuvres, on a wooded estate that includes several buildings from the 19th century. They were recently renovated and modernised.","og_url":"https:\/\/www.fondationhardt.ch\/en\/la-fondation_en\/le-domaine_en\/","og_site_name":"Fondation Hardt","article_modified_time":"2022-10-06T12:09:53+00:00","og_image":[{"width":2000,"height":1300,"url":"https:\/\/www.fondationhardt.ch\/wp-content\/uploads\/2014\/05\/orangerie.jpg","type":"image\/jpeg"}],"twitter_card":"summary_large_image","schema":{"@context":"https:\/\/schema.org","@graph":[{"@type":"WebPage","@id":"https:\/\/www.fondationhardt.ch\/en\/la-fondation_en\/le-domaine_en\/","url":"https:\/\/www.fondationhardt.ch\/en\/la-fondation_en\/le-domaine_en\/","name":"Fondation Hardt , The estate","isPartOf":{"@id":"https:\/\/www.fondationhardt.ch\/#website"},"datePublished":"2014-04-29T05:49:08+00:00","dateModified":"2022-10-06T12:09:53+00:00","description":"The Foundation is headquartered in Vandoeuvres, on a wooded estate that includes several buildings from the 19th century. They were recently renovated and modernised.","breadcrumb":{"@id":"https:\/\/www.fondationhardt.ch\/en\/la-fondation_en\/le-domaine_en\/#breadcrumb"},"inLanguage":"en-US","potentialAction":[{"@type":"ReadAction","target":["https:\/\/www.fondationhardt.ch\/en\/la-fondation_en\/le-domaine_en\/"]}]},{"@type":"BreadcrumbList","@id":"https:\/\/www.fondationhardt.ch\/en\/la-fondation_en\/le-domaine_en\/#breadcrumb","itemListElement":[{"@type":"ListItem","position":1,"name":"Accueil","item":"https:\/\/www.fondationhardt.ch\/"},{"@type":"ListItem","position":2,"name":"The Foundation","item":"https:\/\/www.fondationhardt.ch\/en\/la-fondation_en\/"},{"@type":"ListItem","position":3,"name":"The estate"}]},{"@type":"WebSite","@id":"https:\/\/www.fondationhardt.ch\/#website","url":"https:\/\/www.fondationhardt.ch\/","name":"Fondation Hardt","description":"Fondation pour l&#039;\u00e9tude de l&#039;antiquit\u00e9 classique, promotion de l&#039;\u00e9tude de l&#039;Antiquit\u00e9 classique.","potentialAction":[{"@type":"SearchAction","target":{"@type":"EntryPoint","urlTemplate":"https:\/\/www.fondationhardt.ch\/?s={search_term_string}"},"query-input":"required name=search_term_string"}],"inLanguage":"en-US"}]}},"_links":{"self":[{"href":"https:\/\/www.fondationhardt.ch\/en\/wp-json\/wp\/v2\/pages\/446","targetHints":{"allow":["GET"]}}],"collection":[{"href":"https:\/\/www.fondationhardt.ch\/en\/wp-json\/wp\/v2\/pages"}],"about":[{"href":"https:\/\/www.fondationhardt.ch\/en\/wp-json\/wp\/v2\/types\/page"}],"author":[{"embeddable":true,"href":"https:\/\/www.fondationhardt.ch\/en\/wp-json\/wp\/v2\/users\/1"}],"replies":[{"embeddable":true,"href":"https:\/\/www.fondationhardt.ch\/en\/wp-json\/wp\/v2\/comments?post=446"}],"version-history":[{"count":4,"href":"https:\/\/www.fondationhardt.ch\/en\/wp-json\/wp\/v2\/pages\/446\/revisions"}],"predecessor-version":[{"id":1710,"href":"https:\/\/www.fondationhardt.ch\/en\/wp-json\/wp\/v2\/pages\/446\/revisions\/1710"}],"up":[{"embeddable":true,"href":"https:\/\/www.fondationhardt.ch\/en\/wp-json\/wp\/v2\/pages\/439"}],"wp:featuredmedia":[{"embeddable":true,"href":"https:\/\/www.fondationhardt.ch\/en\/wp-json\/wp\/v2\/media\/1145"}],"wp:attachment":[{"href":"https:\/\/www.fondationhardt.ch\/en\/wp-json\/wp\/v2\/media?parent=446"}],"curies":[{"name":"wp","href":"https:\/\/api.w.org\/{rel}","templated":true}]}}

<!-- This site is optimized with the Yoast SEO plugin v19.10 - https://yoast.com/wordpress/plugins/seo/ -->
<title>Fondation Hardt , The estate</title>
<meta name="description" content="The Foundation is headquartered in Vandoeuvres, on a wooded estate that includes several buildings from the 19th century. They were recently renovated and modernised." />
<meta name="robots" content="index, follow, max-snippet:-1, max-image-preview:large, max-video-preview:-1" />
<link rel="canonical" href="https://www.fondationhardt.ch/en/la-fondation_en/le-domaine_en/" />
<meta property="og:locale" content="en_US" />
<meta property="og:type" content="article" />
<meta property="og:title" content="Fondation Hardt , The estate" />
<meta property="og:description" content="The Foundation is headquartered in Vandoeuvres, on a wooded estate that includes several buildings from the 19th century. They were recently renovated and modernised." />
<meta property="og:url" content="https://www.fondationhardt.ch/en/la-fondation_en/le-domaine_en/" />
<meta property="og:site_name" content="Fondation Hardt" />
<meta property="article:modified_time" content="2022-10-06T12:09:53+00:00" />
<meta property="og:image" content="https://www.fondationhardt.ch/wp-content/uploads/2014/05/orangerie.jpg" />
	<meta property="og:image:width" content="2000" />
	<meta property="og:image:height" content="1300" />
	<meta property="og:image:type" content="image/jpeg" />
<meta name="twitter:card" content="summary_large_image" />
<script type="application/ld+json" class="yoast-schema-graph">{"@context":"https://schema.org","@graph":[{"@type":"WebPage","@id":"https://www.fondationhardt.ch/en/la-fondation_en/le-domaine_en/","url":"https://www.fondationhardt.ch/en/la-fondation_en/le-domaine_en/","name":"Fondation Hardt , The estate","isPartOf":{"@id":"https://www.fondationhardt.ch/#website"},"datePublished":"2014-04-29T05:49:08+00:00","dateModified":"2022-10-06T12:09:53+00:00","description":"The Foundation is headquartered in Vandoeuvres, on a wooded estate that includes several buildings from the 19th century. They were recently renovated and modernised.","breadcrumb":{"@id":"https://www.fondationhardt.ch/en/la-fondation_en/le-domaine_en/#breadcrumb"},"inLanguage":"en-US","potentialAction":[{"@type":"ReadAction","target":["https://www.fondationhardt.ch/en/la-fondation_en/le-domaine_en/"]}]},{"@type":"BreadcrumbList","@id":"https://www.fondationhardt.ch/en/la-fondation_en/le-domaine_en/#breadcrumb","itemListElement":[{"@type":"ListItem","position":1,"name":"Accueil","item":"https://www.fondationhardt.ch/"},{"@type":"ListItem","position":2,"name":"The Foundation","item":"https://www.fondationhardt.ch/en/la-fondation_en/"},{"@type":"ListItem","position":3,"name":"The estate"}]},{"@type":"WebSite","@id":"https://www.fondationhardt.ch/#website","url":"https://www.fondationhardt.ch/","name":"Fondation Hardt","description":"Fondation pour l&#039;étude de l&#039;antiquité classique, promotion de l&#039;étude de l&#039;Antiquité classique.","potentialAction":[{"@type":"SearchAction","target":{"@type":"EntryPoint","urlTemplate":"https://www.fondationhardt.ch/?s={search_term_string}"},"query-input":"required name=search_term_string"}],"inLanguage":"en-US"}]}</script>
<!-- / Yoast SEO plugin. -->

Fondation pour l&#039;étude de l&#039;antiquité classique, promotion de l&#039;étude de l&#039;Antiquité classique.
